se 15.
-2711e9
What is 31061113 (base 7) in base 13?
701ab5
-11011110011001101 (base 2) to base 16
-1bccd
Convert -1258eb (base 16) to base 11.
-751431
Convert -59a29 (base 11) to base 12.
-42021
-d69e3 (base 15) to base 4
-2212022211
2120101210111 (base 3) to base 2
101001101011111101101
Convert 24554162 (base 7) to base 16.
21cd13
What is 531400 (base 7) in base 5?
10414102
-147b4 (base 14) to base 11
-35293
-3650e (base 15) to base 3
-22210200012
3095 (base 13) to base 12
3a75
Convert -2263486 (base 9) to base 11.
-76589a
-1100011010100100 (base 2) to base 16
-c6a4
What is -63949 (base 15) in base 5?
-40102334
What is 142035652 (base 7) in base 2?
100011011111010111100000
Convert -190b36 (base 14) to base 10.
-885772
2221221201002 (base 3) to base 2
110000000001101000001
-514879 (base 13) to base 4
-13032231202
Convert 2130101330 (base 4) to base 9.
1175068
What is 8ba80 (base 14) in base 10?
339584
Convert -201310211 (base 4) to base 2.
-100001110100100101
-257803 (base 9) to base 16
-263f1
Convert 11720 (base 16) to base 11.
49760
19b2eb (base 16) to base 11
a50404
What is 110300121101 (base 4) in base 10?
5441105
What is -6327773 (base 8) in base 10?
-1683451
Convert -93a6c (base 13) to base 2.
-1000000110011001100
Convert 1011100111011110 (base 2) to base 12.
23652
Convert -586153 (base 10) to base 13.
-176a49
What is 11101011111110011 (base 2) in base 13?
42cba
What is -13b172 (base 15) in base 7?
-11030624
What is 15215660 (base 8) in base 4?
31101232300
What is 10501 (base 12) in base 5?
1141312
885172 (base 9) to base 4
2001010133
Convert 2201033101 (base 4) to base 12.
27a241
1046183 (base 10) to base 13
2a8258
-132721 (base 13) to base 6
-13525324
Convert -1c323 (base 16) to base 2.
-11100001100100011
1003313313 (base 4) to base 7
2235342
What is -3917a31 (base 11) in base 12?
-2335028
5205392 (base 10) to base 8
23666620
What is 1001010110101001100 (base 2) in base 10?
306508
Convert -2a53c9 (base 14) to base 4.
-11213323311
What is -14127325 (base 8) in base 5?
-1304043420
Convert 47252 (base 9) to base 5.
2002211
Convert -4031204 (base 5) to base 7.
-356130
d6d55 (base 16) to base 11
551141
-30435455 (base 6) to base 9
-1574648
Convert 11053541 (base 6) to base 4.
1101201211
Convert 1221120 (base 7) to base 11.
a7617
Convert -4243701 (base 12) to base 2.
-101111110011010000110001
Convert 1161344 (base 11) to base 13.
55a58b
5033530 (base 6) to base 15
4a7c9
What is 4bc90 (base 14) in base 10?
186326
Convert -3458550 (base 11) to base 16.
-5c3708
What is -110101101111000010111 (base 2) in base 7?
-20652334
Convert -6b863 (base 12) to base 11.
-99751
Convert 443400041 (base 5) to base 4.
13120100330
What is -100011100000101011 (base 2) in base 8?
-434053
What is 2301764 (base 8) in base 16?
983f4
-320213212 (base 4) to base 13
-81733
16a902 (base 14) to base 3
1111112000000
11230141 (base 5) to base 8
307041
What is 5656127 (base 8) in base 2?
101110101110001010111
-6453110 (base 7) to base 4
-2333330210
Convert -5255453 (base 6) to base 7.
-2116005
What is 3221011003 (base 4) in base 8?
3510503
What is -4154466 (base 8) in base 12?
-452bb2
What is -101001102000010 (base 3) in base 13?
-115071c
-198b8b (base 12) to base 7
-3555533
What is 211233031 (base 5) in base 10?
883516
Convert -11232423034 (base 5) to base 8.
-60600371
What is -179c71 (base 13) in base 2?
-10010000110011011001
What is 249ad5 (base 14) in base 3?
2100211010021
What is 10022121100 (base 3) in base 13?
2396a
What is -110001100001111010 (base 2) in base 15?
-4019e
Convert -402124222 (base 5) to base 9.
-3005878
What is -23110100202 (base 4) in base 5?
-1224412222
What is 1a3685 (base 12) in base 8?
1607005
What is -28376 (base 13) in base 8?
-223046
Convert 1010343 (base 8) to base 12.
10a257
What is 11100111111000001011000 (base 2) in base 10?
7598168
What is -4242441114 (base 5) in base 6?
-515515255
Convert 87531 (base 13) to base 10.
244752
Convert 14156 (base 9) to base 5.
301414
Convert -1430254 (base 6) to base 8.
-237532
What is 232012132 (base 6) in base 15?
59c50b
What is -b771c (base 16) in base 6?
-24034352
Convert -473271 (base 8) to base 3.
-22012111012
-11101011011100011000111 (base 2) to base 11
-439a450
What is -532310 (base 10) in base 8?
-2017526
Convert -2012012012102 (base 3) to base 6.
-40545532
What is 1102020222202 (base 3) in base 5?
143044200
8c5737 (base 13) to base 16
32bd6a
300785 (base 9) to base 4
223121333
What is -12554034 (base 6) in base 13?
-118c2a
50637667 (base 8) to base 9
22115741
Convert -521343 (base 7) to base 2.
-10101110100001110
Convert -167552 (base 10) to base 4.
-220322000
What is -10a0530 (base 11) in base 16?
-1d4691
1300230201 (base 4) to base 13
13214a
What is -1420522 (base 6) in base 13?
-2a87b
-4340a (base 13) to base 14
-32401
c7b9d5 (base 15) to base 6
535430145
Convert a6747 (base 15) to base 10.
528142
What is 33885b (base 16) in base 9?
6316632
Convert -a8100 (base 12) to base 5.
-24040303
Convert 1000000100111011011001110 (base 2) to base 15.
1748d1c
What is -5245017 (base 10) in base 16?
-500859
Convert -287081 (base 10) to base 16.
-46169
-1682635 (base 11) to base 3
-12101020000110
Convert -121143511 (base 6) to base 11.
-1330a84
Convert 66005 (base 8) to base 13.
c782
What is 45557 (base 13) in base 10?
126146
Convert -74465465 (base 8) to base 7.
-252016146
Convert -3012000001 (base 4) to base 9.
-1465441
44a422 (base 11) to base 13
1c1220
What is 1889b8 (base 16) in base 3?
10000200221000
Convert -1066e3 (base 15) to base 4.
-2332232010
What is 247047 (base 8) in base 11?
592a7
-1110110101110010 (base 2) to base 3
-10002101100
What is 201200434 (base 5) in base 4?
3010012230
What is 7c75 (base 15) in base 6?
322215
1471356 (base 9) to base 2
11000110110111111011
1208454 (base 9) to base 5
131440434
Convert -135766 (base 9) to base 2.
-10100010000111100
Convert a4b60 (base 15) to base 6.
15110043
What is -663608 (base 11) in base 16?
-10283f
6791150 (base 11) to base 13
2603c04
Convert -1222682 (base 13) to base 16.
-55f01f
Convert 13542142 (base 9) to base 2.
11001100011110101000110
What is 100000021220 (base 3) in base 8?
532320
335551 (base 8) to base 6
2233305
Convert -34022510 (base 6) to base 10.
-1029642
Convert 31c54 (base 15) to base 11.
a8803
What is 13014033204 (base 5) in base 2?
111100001001100101111001
Convert 16235565 (base 8) to base 3.
21001120002112
What is 1c27e3 (base 15) in base 5?
323003123
6c00ce (base 16) to base 5
3302444334
82245 (base 14) to base 6
10414153
What is 4772651 (base 8) in base 4?
10333112221
Convert 37249a (base 11) to base 15.
b974a
What is -19878 (base 15) in base 4?
-110033201
-5177141 (base 8) to base 9
-2526262
-b96cb (base 13) to base 8
-1216425
1110100110101001 (base 2) to base 4
32212221
Convert -916766 (base 13) to base 14.
-641687
-23105135 (base 7) to base 4
-13230311012
What is -7b3b9 (base 15) in base 11?
-248861
What is 2d27d2 (base 14) in base 13?
435170
-2276379 (base 12) to base 4
-121101212031
Convert 1d6a3 (base 15) to base 6.
2020243
What is 34f1d0 (base 16) in base 6?
202211440
120301313 (base 4) to base 6
2101515
What is 46561 (base 7) in base 12?
6aba
What is 47574 (base 16) in base 8?
1072564
What is 300103033 (base 4) in base 12?
965a7
233102022 (base 4) to base 16
2f48a
What is 24801 (base 12) in base 15?
ea27
What is 58a1898 (base 12) in base 4?
1001112112310
Convert 8829a (base 13) to base 16.
3c301
Convert 31a9f1 (base 16) to base 15.
444599
Convert -2029b0 (base 15) to base 13.
-416478
Convert 101020010112111 (base 3) to base 2.
10100101110111011001110
What is c2b49 (base 13) in base 6?
11251542
Convert 15a74a (base 14) to base 11.
4790a2
What is 527019 (base 11) in base 3?
1120212120121
What is 10022112133 (base 4) in base 15?
1683ba
Convert -6251217 (base 10) to base 12.
-2115729
What is -22580 (base 15) in base 5?
-11443440
577322 (base 12) to base 15
1ca57b
What is -28856 (base 11) in base 9?
-62160
Convert -211741a (base 11) to base 6.
-211530112
1003100011 (base 4) to base 15
56941
Convert -22220031 (base 6) to base 11.
-419436
Convert 122712 (base 8) to base 5.
2324232
1110101100111010010100 (base 2) to base 8
16547224
What is 10211201200112 (base 3) in base 5?
1010313300
1100122210 (base 3) to base 15
7db9
What i